{"id":70,"date":"2014-09-24T12:25:28","date_gmt":"2014-09-24T09:25:28","guid":{"rendered":"http:\/\/www.lnb.lt\/conference\/bibliotekos2014\/?page_id=70"},"modified":"2014-11-07T12:34:39","modified_gmt":"2014-11-07T10:34:39","slug":"programme","status":"publish","type":"page","link":"https:\/\/konferencijos.lnb.lt\/bibliotekos2014\/programme\/","title":{"rendered":"Programme"},"content":{"rendered":"<p><strong>09:00\u201309:30<\/strong> Registration and coffee<\/p>\n<hr \/>\n<h2>09:30\u201311:20 PLENARY SITTING<\/h2>\n<p><strong>09:30\u201309:45<\/strong> Opening address<\/p>\n<ul>\n<li><strong>Mindaugas Bastys<\/strong>, Chair of the Committee on the Development of Information Society,<br \/>\nSeimas of the Republic of Lithuania<\/li>\n<li><strong>\u0160ar\u016bnas Birutis<\/strong>, Minister of Culture of the Republic of Lithuania<\/li>\n<li><strong>Mantvydas Beke\u0161ius<\/strong>, Vice-Minister of Foreign Affairs of the Republic of Li<\/li>\n<\/ul>\n<p><strong>09:45\u201310:15 The change of libraries\u2019 roles in the context of the European Union information, science and cultural policy<\/strong><br \/>\n<em>Prof. Dr. Renaldas Gudauskas, Director General of the Martynas Ma\u017evydas National Library of Lithuania<\/em><\/p>\n<p><strong>10:15\u201310:30 The initiative \u201cPublic Libraries 2020\u201d<\/strong><br \/>\n<em>Ilona Kish, Programme Director at Reading &amp; Writing Foundation<\/em><\/p>\n<p><strong>10:30\u201311:00\u00a0Towards a digital library: national and European partnerships<\/strong><br \/>\n<em>Dr. Bas Savenije, Director General of the National Library of the Netherlands<\/em><\/p>\n<p><strong>11:00\u201311:20<\/strong> Coffee break and discussion<\/p>\n<hr \/>\n<h2>11:20\u201313:00 SESSION I: European cultural heritage dissemination and innovation projects in 2004-2014<\/h2>\n<p><strong>Chairs:<\/strong> Vidas Ramanavi\u010dius (Lithuania), Eugenijus Stratilatovas (Lithuania)<\/p>\n<p><strong>11:20\u201311:40\u00a0<\/strong><strong>European projects at the British Library: widening access to cultural heritage<br \/>\n<\/strong><em>Janet Zmroczek, Head of European and American, Collections Division, the British Library<\/em><\/p>\n<p><strong>11:40\u201312:00\u00a0<\/strong><strong>Libraries for Lithuanian Information Society: achievements and prospects<br \/>\n<\/strong><em>Ieva \u017dilionien\u0117, Deputy Director, Information Society Development Committee under the Lithuanian Ministry of Transport and Communications<\/em><\/p>\n<p><strong>12:00\u201312:20\u00a0Digitization Monitoring System for the creation of added values of social, financial, cultural and innovation assets<br \/>\n<\/strong><em>Dr. Regina Varnien\u0117-Janssen, Director of the National Centre of Digitization and Virtual Electronic Heritage System, the Martynas Ma\u017evydas National Library of Lithuania<\/em><\/p>\n<p><strong>12:20\u201312:40 E-book lending in Lithuania: issues and opportunities<br \/>\n<\/strong><em>Eugenijus Stratilatovas, Head of Strategic Project Development Department, \u201cLibraries for Innovation 2\u201d project manager, the Martynas Ma\u017evydas National Library of Lithuania<\/em><\/p>\n<p><strong>12:40\u201313:00 Parliamentary Library of the Republic of Moldova: current situation and prospects of development<br \/>\n<\/strong><em>Inga Baciu, Senior Adviser of Parliamentary Study Analysis Department, Parliament of the Republic of Moldova<\/em><br \/>\n<em>Ala Marinescu, Head of Information Resources Department, Parliament of the Republic of Moldova<\/em><\/p>\n<p><strong>13:00\u201314:00<\/strong> Lunch<\/p>\n<hr \/>\n<h2>14:00-15:30 SESSION II: LIBRARIES IN INFORMATION, SCIENCE AND CULTURAL POLICY<\/h2>\n<p><strong>Chairs:<\/strong> Andris Vilks (Latvia), Sandra Leknickien\u0117 (Lithuania)<\/p>\n<p><strong>14:00\u201314:20\u00a0<\/strong><strong>Development of European Libraries in the context of the European Union policy changes in 2004-2014<br \/>\n<\/strong><em>Prof. Dr. Claudia Lux, Project Director of Qatar National Library<\/em><\/p>\n<p><strong>14:20\u201314:40\u00a0<\/strong><strong>The new National Library of Latvia as a place<br \/>\n<\/strong><em>Andris Vilks, Director of the National Library of Latvia<\/em><\/p>\n<p><strong>14:40\u201315:00\u00a0<\/strong><strong>Links between the activities of Turkish libraries and the European Union science and cultural policy: case of the Librar-e Turkey project<br \/>\n<\/strong><em>Prof. Dr. Mehmet Emin K\u00fc\u00e7\u00fck, Librar-e Turkey project, Hacettepe University, Turkey<\/em><\/p>\n<p><strong>15:00-15:20\u00a0<\/strong><strong>Simply smart! Policy implications for the National Library of Estonia<br \/>\n<\/strong><em>Janne Andresoo, Director General of the National Library of Estonia<\/em><\/p>\n<p><strong>15:20\u201315:30<\/strong> Closing address and discussion<\/p>\n","protected":false},"excerpt":{"rendered":"<p>09:00\u201309:30 Registration and coffee 09:30\u201311:20 PLENARY SITTING 09:30\u201309:45 Opening address Mindaugas Bastys, Chair of the Committee on the Development of Information Society, Seimas of the Republic of Lithuania \u0160ar\u016bnas Birutis, Minister of Culture of the Republic of Lithuania Mantvydas Beke\u0161ius, &hellip;<\/p>\n<p class=\"read-more\"> <a class=\"more-link\" href=\"https:\/\/konferencijos.lnb.lt\/bibliotekos2014\/programme\/\"> <span class=\"screen-reader-text\">Programme<\/span> Read More &raquo;<\/a><\/p>\n","protected":false},"author":1,"featured_media":0,"parent":0,"menu_order":0,"comment_status":"closed","ping_status":"closed","template":"","meta":{"inline_featured_image":false,"ngg_post_thumbnail":0,"footnotes":""},"class_list":["post-70","page","type-page","status-publish","hentry"],"_links":{"self":[{"href":"https:\/\/konferencijos.lnb.lt\/bibliotekos2014\/wp-json\/wp\/v2\/pages\/70","targetHints":{"allow":["GET"]}}],"collection":[{"href":"https:\/\/konferencijos.lnb.lt\/bibliotekos2014\/wp-json\/wp\/v2\/pages"}],"about":[{"href":"https:\/\/konferencijos.lnb.lt\/bibliotekos2014\/wp-json\/wp\/v2\/types\/page"}],"author":[{"embeddable":true,"href":"https:\/\/konferencijos.lnb.lt\/bibliotekos2014\/wp-json\/wp\/v2\/users\/1"}],"replies":[{"embeddable":true,"href":"https:\/\/konferencijos.lnb.lt\/bibliotekos2014\/wp-json\/wp\/v2\/comments?post=70"}],"version-history":[{"count":15,"href":"https:\/\/konferencijos.lnb.lt\/bibliotekos2014\/wp-json\/wp\/v2\/pages\/70\/revisions"}],"predecessor-version":[{"id":288,"href":"https:\/\/konferencijos.lnb.lt\/bibliotekos2014\/wp-json\/wp\/v2\/pages\/70\/revisions\/288"}],"wp:attachment":[{"href":"https:\/\/konferencijos.lnb.lt\/bibliotekos2014\/wp-json\/wp\/v2\/media?parent=70"}],"curies":[{"name":"wp","href":"https:\/\/api.w.org\/{rel}","templated":true}]}}