{"id":47,"date":"2015-08-19T10:14:26","date_gmt":"2015-08-19T12:14:26","guid":{"rendered":"http:\/\/www.lnb.lt\/conference\/bibliotekos2015\/?page_id=47"},"modified":"2020-01-20T05:19:53","modified_gmt":"2020-01-20T07:19:53","slug":"speakers","status":"publish","type":"page","link":"https:\/\/konferencijos.lnb.lt\/bibliotekos2015\/speakers\/","title":{"rendered":"Speakers"},"content":{"rendered":"<ul class=\"pranesejai\">\n<li>\n<p><figure style=\"width: 140px\" class=\"wp-caption alignleft\"><img loading=\"lazy\" decoding=\"async\" src=\"http:\/\/konferencijos.lnb.lt\/bibliotekos2015\/wp-content\/uploads\/sites\/4\/2015\/09\/gudauskas.jpg\" alt=\"Prof. dr. Renaldas Gudauskas\" width=\"140\" height=\"140\"><figcaption class=\"wp-caption-text\">Prof. dr. Renaldas Gudauskas<\/figcaption><\/figure><\/li>\n<li>\n<p><figure style=\"width: 140px\" class=\"wp-caption alignleft\"><img loading=\"lazy\" decoding=\"async\" src=\"http:\/\/konferencijos.lnb.lt\/bibliotekos2015\/wp-content\/uploads\/sites\/4\/2015\/09\/andersson.jpg\" alt=\"Dr. Jonas Andersson\" width=\"140\" height=\"140\"><figcaption class=\"wp-caption-text\">Dr. Jonas <br \/>Andersson<\/figcaption><\/figure><\/li>\n<li>\n<p><figure style=\"width: 140px\" class=\"wp-caption alignleft\"><img loading=\"lazy\" decoding=\"async\" src=\"http:\/\/konferencijos.lnb.lt\/bibliotekos2015\/wp-content\/uploads\/sites\/4\/2015\/09\/andriuskeviciene.jpg\" alt=\"Donata Andriu\u0161kevi\u010dien\u0117\" width=\"140\" height=\"140\"><figcaption class=\"wp-caption-text\">Donata <br \/>Andriu\u0161kevi\u010dien\u0117<\/figcaption><\/figure><\/li>\n<li>\n<p><figure style=\"width: 140px\" class=\"wp-caption alignleft\"><img loading=\"lazy\" decoding=\"async\" src=\"http:\/\/konferencijos.lnb.lt\/bibliotekos2015\/wp-content\/uploads\/sites\/4\/2015\/09\/dobkeviciute.jpg\" alt=\"Aida Dobkevi\u010di\u016bt\u0117\" width=\"140\" height=\"140\"><figcaption class=\"wp-caption-text\">Aida Dobkevi\u010di\u016bt\u0117<\/figcaption><\/figure><\/li>\n<li>\n<p><figure style=\"width: 140px\" class=\"wp-caption alignleft\"><img loading=\"lazy\" decoding=\"async\" class=\"wp-image-105\" src=\"http:\/\/konferencijos.lnb.lt\/bibliotekos2015\/wp-content\/uploads\/sites\/4\/2015\/09\/elijosaityte.jpg\" alt=\"R\u016bta Elijo\u0161aityt\u0117\" width=\"140\" height=\"140\"><figcaption class=\"wp-caption-text\">R\u016bta Elijo\u0161aityt\u0117<\/figcaption><\/figure><\/li>\n<li>\n<p><figure style=\"width: 140px\" class=\"wp-caption alignleft\"><img loading=\"lazy\" decoding=\"async\" class=\"wp-image-105\" src=\"http:\/\/konferencijos.lnb.lt\/bibliotekos2015\/wp-content\/uploads\/sites\/4\/2015\/09\/gustaitiene.jpg\" alt=\"Asta Gustaitien\u0117\" width=\"140\" height=\"140\"><figcaption class=\"wp-caption-text\">Asta Gustaitien\u0117<\/figcaption><\/figure><\/li>\n<li>\n<p><figure style=\"width: 140px\" class=\"wp-caption alignleft\"><img loading=\"lazy\" decoding=\"async\" src=\"http:\/\/konferencijos.lnb.lt\/bibliotekos2015\/wp-content\/uploads\/sites\/4\/2015\/09\/hoflin.jpg\" alt=\"Katti Hoflin\" width=\"140\" height=\"140\"><figcaption class=\"wp-caption-text\">Katti Hoflin<\/figcaption><\/figure><\/li>\n<li>\n<p><figure style=\"width: 140px\" class=\"wp-caption alignleft\"><img loading=\"lazy\" decoding=\"async\" class=\"wp-image-105\" src=\"http:\/\/konferencijos.lnb.lt\/bibliotekos2015\/wp-content\/uploads\/sites\/4\/2015\/09\/karrlholm.jpg\" alt=\"Sara K\u00e4rrholm\" width=\"140\" height=\"140\"><figcaption class=\"wp-caption-text\">Sara K\u00e4rrholm<\/figcaption><\/figure><\/li>\n<li>\n<p><figure style=\"width: 140px\" class=\"wp-caption alignleft\"><img loading=\"lazy\" decoding=\"async\" src=\"http:\/\/konferencijos.lnb.lt\/bibliotekos2015\/wp-content\/uploads\/sites\/4\/2015\/09\/sigeland.jpg\" alt=\"Helen Sigeland\" width=\"140\" height=\"140\"><figcaption class=\"wp-caption-text\">Helen Sigeland<\/figcaption><\/figure><\/li>\n<li>\n<p><figure style=\"width: 140px\" class=\"wp-caption alignleft\"><img loading=\"lazy\" decoding=\"async\" src=\"http:\/\/konferencijos.lnb.lt\/bibliotekos2015\/wp-content\/uploads\/sites\/4\/2015\/09\/titusson.jpg\" alt=\"Erik Titusson\" width=\"140\" height=\"140\"><figcaption class=\"wp-caption-text\">Erik Titusson<\/figcaption><\/figure><\/li>\n<li>\n<p><figure style=\"width: 140px\" class=\"wp-caption alignleft\"><img loading=\"lazy\" decoding=\"async\" src=\"http:\/\/konferencijos.lnb.lt\/bibliotekos2015\/wp-content\/uploads\/sites\/4\/2015\/09\/unenge.jpg\" alt=\"Johan Unenge\" width=\"140\" height=\"140\"><figcaption class=\"wp-caption-text\">Johan Unenge<\/figcaption><\/figure><\/li>\n<\/ul>\n","protected":false},"excerpt":{"rendered":"","protected":false},"author":1,"featured_media":0,"parent":0,"menu_order":0,"comment_status":"closed","ping_status":"closed","template":"","meta":{"inline_featured_image":false,"footnotes":""},"class_list":["post-47","page","type-page","status-publish","hentry"],"_links":{"self":[{"href":"https:\/\/konferencijos.lnb.lt\/bibliotekos2015\/wp-json\/wp\/v2\/pages\/47","targetHints":{"allow":["GET"]}}],"collection":[{"href":"https:\/\/konferencijos.lnb.lt\/bibliotekos2015\/wp-json\/wp\/v2\/pages"}],"about":[{"href":"https:\/\/konferencijos.lnb.lt\/bibliotekos2015\/wp-json\/wp\/v2\/types\/page"}],"author":[{"embeddable":true,"href":"https:\/\/konferencijos.lnb.lt\/bibliotekos2015\/wp-json\/wp\/v2\/users\/1"}],"replies":[{"embeddable":true,"href":"https:\/\/konferencijos.lnb.lt\/bibliotekos2015\/wp-json\/wp\/v2\/comments?post=47"}],"version-history":[{"count":18,"href":"https:\/\/konferencijos.lnb.lt\/bibliotekos2015\/wp-json\/wp\/v2\/pages\/47\/revisions"}],"predecessor-version":[{"id":278,"href":"https:\/\/konferencijos.lnb.lt\/bibliotekos2015\/wp-json\/wp\/v2\/pages\/47\/revisions\/278"}],"wp:attachment":[{"href":"https:\/\/konferencijos.lnb.lt\/bibliotekos2015\/wp-json\/wp\/v2\/media?parent=47"}],"curies":[{"name":"wp","href":"https:\/\/api.w.org\/{rel}","templated":true}]}}