{"id":7,"date":"2015-09-25T04:20:41","date_gmt":"2015-09-25T06:20:41","guid":{"rendered":"http:\/\/www.lnb.lt\/conference\/bllb\/?page_id=7"},"modified":"2020-01-20T05:28:30","modified_gmt":"2020-01-20T07:28:30","slug":"pranesejai","status":"publish","type":"page","link":"https:\/\/konferencijos.lnb.lt\/bllb\/pranesejai\/","title":{"rendered":"Prane\u0161\u0117jai"},"content":{"rendered":"<ul class=\"pranesejai\">\n<li>\n<p><figure style=\"width: 140px\" class=\"wp-caption alignleft\"><img loading=\"lazy\" decoding=\"async\" src=\"http:\/\/konferencijos.lnb.lt\/bllb\/wp-content\/uploads\/sites\/6\/2015\/09\/bliudziuviene.jpg\" alt=\"Dr. Nijol\u0117 Bli\u016bd\u017eiuvien\u0117\" width=\"140\" height=\"140\"><figcaption class=\"wp-caption-text\">Dr. Nijol\u0117 <br \/>Bli\u016bd\u017eiuvien\u0117<\/figcaption><\/figure><\/li>\n<li>\n<p><figure style=\"width: 140px\" class=\"wp-caption alignleft\"><img loading=\"lazy\" decoding=\"async\" src=\"http:\/\/konferencijos.lnb.lt\/bllb\/wp-content\/uploads\/sites\/6\/2015\/09\/jokubauskas.jpg\" alt=\"Remigijus Jokubauskas\" width=\"140\" height=\"140\"><figcaption class=\"wp-caption-text\">Remigijus<br \/> Jokubauskas<\/figcaption><\/figure><\/li>\n<li>\n<p><figure style=\"width: 140px\" class=\"wp-caption alignleft\"><img loading=\"lazy\" decoding=\"async\" src=\"http:\/\/konferencijos.lnb.lt\/bllb\/wp-content\/uploads\/sites\/6\/2015\/09\/karpinskiene.jpg\" alt=\"Au\u0161ra Karpinskien\u0117\" width=\"140\" height=\"140\"><figcaption class=\"wp-caption-text\">Au\u0161ra<br \/> Karpinskien\u0117<\/figcaption><\/figure><\/li>\n<li>\n<p><figure style=\"width: 140px\" class=\"wp-caption alignleft\"><img loading=\"lazy\" decoding=\"async\" src=\"http:\/\/konferencijos.lnb.lt\/bllb\/wp-content\/uploads\/sites\/6\/2015\/09\/ladukas.jpg\" alt=\"Sigitas Ladukas\" width=\"140\" height=\"140\"><figcaption class=\"wp-caption-text\">Sigitas Ladukas<\/figcaption><\/figure><\/li>\n<li>\n<p><figure style=\"width: 140px\" class=\"wp-caption alignleft\"><a class=\"various fancybox.ajax\" href=\"http:\/\/konferencijos.lnb.lt\/bibliotekos2015\/wp-content\/uploads\/sites\/6\/2015\/09\/pranesejai\/matijoskaite.txt\"><img loading=\"lazy\" decoding=\"async\" src=\"http:\/\/konferencijos.lnb.lt\/bllb\/wp-content\/uploads\/sites\/6\/2015\/09\/matijoskaite.jpg\" alt=\"Vida Matijo\u0161kait\u0117\" width=\"140\" height=\"140\"><\/a><figcaption class=\"wp-caption-text\">Vida Matijo\u0161kait\u0117<\/figcaption><\/figure><\/li>\n<li>\n<p><figure style=\"width: 140px\" class=\"wp-caption alignleft\"><img loading=\"lazy\" decoding=\"async\" class=\"wp-image-105\" src=\"http:\/\/konferencijos.lnb.lt\/bllb\/wp-content\/uploads\/sites\/6\/2015\/09\/miskinyte.jpg\" alt=\"Rita Mi\u0161kinyt\u0117\" width=\"140\" height=\"140\"><figcaption class=\"wp-caption-text\">Rita Mi\u0161kinyt\u0117<\/figcaption><\/figure><\/li>\n<li>\n<p><figure style=\"width: 140px\" class=\"wp-caption alignleft\"><img loading=\"lazy\" decoding=\"async\" class=\"wp-image-105\" src=\"http:\/\/konferencijos.lnb.lt\/bllb\/wp-content\/uploads\/sites\/6\/2015\/09\/puzerauskiene.jpg\" alt=\"Reda Puzerauskien\u0117\" width=\"140\" height=\"140\"><figcaption class=\"wp-caption-text\">Reda Puzerauskien\u0117<\/figcaption><\/figure><\/li>\n<li>\n<p><figure style=\"width: 140px\" class=\"wp-caption alignleft\"><img loading=\"lazy\" decoding=\"async\" class=\"wp-image-105\" src=\"http:\/\/konferencijos.lnb.lt\/bllb\/wp-content\/uploads\/sites\/6\/2015\/09\/stratilatovas.jpg\" alt=\"Eugenijus Stratilatovas\" width=\"140\" height=\"140\"><figcaption class=\"wp-caption-text\">Eugenijus Stratilatovas<\/figcaption><\/figure><\/li>\n<li>\n<p><figure style=\"width: 140px\" class=\"wp-caption alignleft\"><img loading=\"lazy\" decoding=\"async\" src=\"http:\/\/konferencijos.lnb.lt\/bllb\/wp-content\/uploads\/sites\/6\/2015\/09\/zandariene.jpg\" alt=\"Ramut\u0117 \u017dandarien\u0117\" width=\"140\" height=\"140\"><figcaption class=\"wp-caption-text\">Ramut\u0117 \u017dandarien\u0117<\/figcaption><\/figure><\/li>\n<\/ul>\n","protected":false},"excerpt":{"rendered":"","protected":false},"author":1,"featured_media":0,"parent":0,"menu_order":0,"comment_status":"closed","ping_status":"closed","template":"","meta":{"inline_featured_image":false,"footnotes":""},"class_list":["post-7","page","type-page","status-publish","hentry"],"_links":{"self":[{"href":"https:\/\/konferencijos.lnb.lt\/bllb\/wp-json\/wp\/v2\/pages\/7","targetHints":{"allow":["GET"]}}],"collection":[{"href":"https:\/\/konferencijos.lnb.lt\/bllb\/wp-json\/wp\/v2\/pages"}],"about":[{"href":"https:\/\/konferencijos.lnb.lt\/bllb\/wp-json\/wp\/v2\/types\/page"}],"author":[{"embeddable":true,"href":"https:\/\/konferencijos.lnb.lt\/bllb\/wp-json\/wp\/v2\/users\/1"}],"replies":[{"embeddable":true,"href":"https:\/\/konferencijos.lnb.lt\/bllb\/wp-json\/wp\/v2\/comments?post=7"}],"version-history":[{"count":22,"href":"https:\/\/konferencijos.lnb.lt\/bllb\/wp-json\/wp\/v2\/pages\/7\/revisions"}],"predecessor-version":[{"id":84,"href":"https:\/\/konferencijos.lnb.lt\/bllb\/wp-json\/wp\/v2\/pages\/7\/revisions\/84"}],"wp:attachment":[{"href":"https:\/\/konferencijos.lnb.lt\/bllb\/wp-json\/wp\/v2\/media?parent=7"}],"curies":[{"name":"wp","href":"https:\/\/api.w.org\/{rel}","templated":true}]}}