{"id":9,"date":"2015-09-25T04:21:35","date_gmt":"2015-09-25T06:21:35","guid":{"rendered":"http:\/\/www.lnb.lt\/conference\/bllb\/?page_id=9"},"modified":"2015-09-28T10:31:17","modified_gmt":"2015-09-28T12:31:17","slug":"kontaktai","status":"publish","type":"page","link":"https:\/\/konferencijos.lnb.lt\/bllb\/kontaktai\/","title":{"rendered":"Kontaktai"},"content":{"rendered":"<p>Kilus klausim\u0173, pra\u0161ome kreiptis el. pa\u0161tu: <a href=\"mailto:v.matijoskaite@lnb.lt\">v.matijoskaite@lnb.lt<\/a>.<\/p>\n","protected":false},"excerpt":{"rendered":"<p>Kilus klausim\u0173, pra\u0161ome kreiptis el. pa\u0161tu: v.matijoskaite@lnb.lt.<\/p>\n","protected":false},"author":1,"featured_media":0,"parent":0,"menu_order":0,"comment_status":"closed","ping_status":"closed","template":"","meta":{"inline_featured_image":false,"footnotes":""},"class_list":["post-9","page","type-page","status-publish","hentry"],"_links":{"self":[{"href":"https:\/\/konferencijos.lnb.lt\/bllb\/wp-json\/wp\/v2\/pages\/9","targetHints":{"allow":["GET"]}}],"collection":[{"href":"https:\/\/konferencijos.lnb.lt\/bllb\/wp-json\/wp\/v2\/pages"}],"about":[{"href":"https:\/\/konferencijos.lnb.lt\/bllb\/wp-json\/wp\/v2\/types\/page"}],"author":[{"embeddable":true,"href":"https:\/\/konferencijos.lnb.lt\/bllb\/wp-json\/wp\/v2\/users\/1"}],"replies":[{"embeddable":true,"href":"https:\/\/konferencijos.lnb.lt\/bllb\/wp-json\/wp\/v2\/comments?post=9"}],"version-history":[{"count":3,"href":"https:\/\/konferencijos.lnb.lt\/bllb\/wp-json\/wp\/v2\/pages\/9\/revisions"}],"predecessor-version":[{"id":52,"href":"https:\/\/konferencijos.lnb.lt\/bllb\/wp-json\/wp\/v2\/pages\/9\/revisions\/52"}],"wp:attachment":[{"href":"https:\/\/konferencijos.lnb.lt\/bllb\/wp-json\/wp\/v2\/media?parent=9"}],"curies":[{"name":"wp","href":"https:\/\/api.w.org\/{rel}","templated":true}]}}