{"id":9,"date":"2016-11-14T05:27:15","date_gmt":"2016-11-14T07:27:15","guid":{"rendered":"http:\/\/konferencijos.lnb.lt\/bp2-2016\/?page_id=9"},"modified":"2021-09-17T05:15:26","modified_gmt":"2021-09-17T07:15:26","slug":"pranesejai","status":"publish","type":"page","link":"https:\/\/konferencijos.lnb.lt\/bp2-2016\/pranesejai\/","title":{"rendered":"Prane\u0161\u0117jai"},"content":{"rendered":"\n<p><a href=\"http:\/\/konferencijos.lnb.lt\/bp2-2016\/en\/dr-hannelore-vogt\/\"><img loading=\"lazy\" decoding=\"async\" width=\"240\" height=\"240\" class=\"alignnone\" src=\"http:\/\/konferencijos.lnb.lt\/bp2-2016\/wp-content\/uploads\/sites\/9\/2016\/11\/vogt-2.png\" alt=\"Hannelore Vogt\"><br><\/a><strong><a href=\"https:\/\/konferencijos.lnb.lt\/bp2-2016\/dr-hannelore-vogt-2\/\" data-type=\"page\" data-id=\"303\">Dr. Hannelore Vogt<\/a><a href=\"http:\/\/konferencijos.lnb.lt\/bp2-2016\/en\/dr-hannelore-vogt\/\"><br><\/a>Dabartin\u0117s pareigos: Kelno vie\u0161osios bibliotekos direktor\u0117 Kelno vie\u0161oji biblioteka<\/strong><\/p>\n\n\n\n<p><a href=\"http:\/\/konferencijos.lnb.lt\/bp2-2016\/en\/marie-oestergaard\/\"><img loading=\"lazy\" decoding=\"async\" width=\"240\" height=\"240\" class=\"alignnone\" src=\"http:\/\/konferencijos.lnb.lt\/bp2-2016\/wp-content\/uploads\/sites\/9\/2016\/11\/Marie-o.png\" alt=\"marie-o\"><\/a><br><strong><a href=\"https:\/\/konferencijos.lnb.lt\/bp2-2016\/marie-ostergard\/\" data-type=\"page\" data-id=\"305\">Marie \u00d8sterg\u00e5rd<\/a><a href=\"http:\/\/konferencijos.lnb.lt\/bp2-2016\/en\/marie-oestergaard\/\"><br><\/a>Dabartin\u0117s pareigos: bibliotekos \u201eDokk1\u201c Visuomen\u0117s \u012ftraukties, partneryst\u0117s ir komunikacijos skyriaus vadov\u0117, projekto \u201eDokk1\u201c vadov\u0117 \u201eDokk1\u201c<\/strong><\/p>\n\n\n\n<div class=\"wp-block-columns is-layout-flex wp-container-core-columns-is-layout-9d6595d7 wp-block-columns-is-layout-flex\">\n<div class=\"wp-block-column is-layout-flow wp-block-column-is-layout-flow\" style=\"flex-basis:100%\">\n<p><a href=\"http:\/\/konferencijos.lnb.lt\/bp2-2016\/en\/eugenijus-stratilatovas\/\"><img loading=\"lazy\" decoding=\"async\" width=\"240\" height=\"240\" class=\"alignnone\" src=\"http:\/\/konferencijos.lnb.lt\/bp2-2016\/wp-content\/uploads\/sites\/9\/2016\/11\/Eugenijaus-foto-m.png\" alt=\"eugenijaus-foto-m\"><\/a><br><strong><a href=\"https:\/\/konferencijos.lnb.lt\/bp2-2016\/eugenijus-stratilatovas-2\/\" data-type=\"page\" data-id=\"307\">Eugenijus Stratilatovas<\/a><a href=\"http:\/\/konferencijos.lnb.lt\/bp2-2016\/en\/eugenijus-stratilatovas\/\"><br><\/a>MDabartin\u0117s pareigos: projekto \u201eBibliotekos pa\u017eangai 2\u201c vadovas ir Lietuvos nacionalin\u0117s Martyno Ma\u017evydo bibliotekos Strategin\u0117s pl\u0117tros departamento direktorius Lietuvos nacionalin\u0117s Martyno Ma\u017evydo biblioteka<\/strong><\/p>\n<\/div>\n<\/div>\n\n\n\n<p><a href=\"http:\/\/konferencijos.lnb.lt\/bp2-2016\/en\/prof-dr-renaldas-gudauskas\/\"><img loading=\"lazy\" decoding=\"async\" width=\"240\" height=\"240\" class=\"alignnone\" src=\"http:\/\/konferencijos.lnb.lt\/bp2-2016\/wp-content\/uploads\/sites\/9\/2016\/11\/gen.direktorius-1.png\" alt=\"gen-direktorius-1\"><br><\/a><strong><a href=\"https:\/\/konferencijos.lnb.lt\/bp2-2016\/prof-dr-renaldas-gudauskas-2\/\" data-type=\"page\" data-id=\"310\">Prof. dr. Renaldas Gudauskas<\/a><a href=\"http:\/\/konferencijos.lnb.lt\/bp2-2016\/en\/prof-dr-renaldas-gudauskas\/\"><br><\/a>Dabartin\u0117s pareigos: Lietuvos nacionalin\u0117s Martyno Ma\u017evydo bibliotekos direktorius Lietuvos nacionalin\u0117s Martyno Ma\u017evydo biblioteka<\/strong><\/p>\n\n\n\n<p><a href=\"http:\/\/konferencijos.lnb.lt\/bp2-2016\/en\/darius-udrys\/\"><img loading=\"lazy\" decoding=\"async\" width=\"240\" height=\"240\" class=\"alignnone\" src=\"http:\/\/konferencijos.lnb.lt\/bp2-2016\/wp-content\/uploads\/sites\/9\/2016\/11\/Udrys.jpg\" alt=\"Udrys\"><br><\/a><strong><a href=\"https:\/\/konferencijos.lnb.lt\/bp2-2016\/david-streatfield-2\/\" data-type=\"page\" data-id=\"300\">Dr. Darius Udrys<\/a><a href=\"http:\/\/konferencijos.lnb.lt\/bp2-2016\/en\/darius-udrys\/\"><br><\/a>Vie\u0161\u0173j\u0173 ry\u0161i\u0173 ir organizacij\u0173 pl\u0117tros specialistas V\u0161\u012e \u201eGO Vilnius\u201c<\/strong><\/p>\n\n\n\n<p><a href=\"http:\/\/konferencijos.lnb.lt\/bp2-2016\/en\/david-streatfield\/\"><img loading=\"lazy\" decoding=\"async\" width=\"240\" height=\"240\" class=\"alignnone\" src=\"http:\/\/konferencijos.lnb.lt\/bp2-2016\/wp-content\/uploads\/sites\/9\/2016\/12\/DavidStreatfield_2.jpg\" alt=\"David\"><br><\/a><strong><a href=\"https:\/\/konferencijos.lnb.lt\/bp2-2016\/david-streatfield-3\/\" data-type=\"page\" data-id=\"323\">David Streatfield<\/a><a href=\"http:\/\/konferencijos.lnb.lt\/bp2-2016\/en\/david-streatfield\/\"><br><\/a>Nepriklausomas poveikio vertinimo specialistas Bilo ir Melindos Geits\u0173 fondo \u201ePasaulio bibliotek\u0173\u201c programos<\/strong><\/p>\n","protected":false},"excerpt":{"rendered":"<p>Dr. Hannelore VogtDabartin\u0117s pareigos: Kelno vie\u0161osios bibliotekos direktor\u0117 Kelno vie\u0161oji biblioteka Marie \u00d8sterg\u00e5rdDabartin\u0117s pareigos: bibliotekos \u201eDokk1\u201c Visuomen\u0117s \u012ftraukties, partneryst\u0117s ir komunikacijos skyriaus vadov\u0117, projekto \u201eDokk1\u201c vadov\u0117 \u201eDokk1\u201c Eugenijus StratilatovasMDabartin\u0117s pareigos: projekto \u201eBibliotekos pa\u017eangai 2\u201c vadovas ir Lietuvos nacionalin\u0117s Martyno Ma\u017evydo &hellip;<\/p>\n<p class=\"read-more\"> <a class=\"more-link\" href=\"https:\/\/konferencijos.lnb.lt\/bp2-2016\/pranesejai\/\"> <span class=\"screen-reader-text\">Prane\u0161\u0117jai<\/span> Read More &raquo;<\/a><\/p>\n","protected":false},"author":1,"featured_media":0,"parent":0,"menu_order":0,"comment_status":"closed","ping_status":"closed","template":"","meta":{"inline_featured_image":false,"footnotes":""},"class_list":["post-9","page","type-page","status-publish","hentry"],"_links":{"self":[{"href":"https:\/\/konferencijos.lnb.lt\/bp2-2016\/wp-json\/wp\/v2\/pages\/9","targetHints":{"allow":["GET"]}}],"collection":[{"href":"https:\/\/konferencijos.lnb.lt\/bp2-2016\/wp-json\/wp\/v2\/pages"}],"about":[{"href":"https:\/\/konferencijos.lnb.lt\/bp2-2016\/wp-json\/wp\/v2\/types\/page"}],"author":[{"embeddable":true,"href":"https:\/\/konferencijos.lnb.lt\/bp2-2016\/wp-json\/wp\/v2\/users\/1"}],"replies":[{"embeddable":true,"href":"https:\/\/konferencijos.lnb.lt\/bp2-2016\/wp-json\/wp\/v2\/comments?post=9"}],"version-history":[{"count":11,"href":"https:\/\/konferencijos.lnb.lt\/bp2-2016\/wp-json\/wp\/v2\/pages\/9\/revisions"}],"predecessor-version":[{"id":326,"href":"https:\/\/konferencijos.lnb.lt\/bp2-2016\/wp-json\/wp\/v2\/pages\/9\/revisions\/326"}],"wp:attachment":[{"href":"https:\/\/konferencijos.lnb.lt\/bp2-2016\/wp-json\/wp\/v2\/media?parent=9"}],"curies":[{"name":"wp","href":"https:\/\/api.w.org\/{rel}","templated":true}]}}