{"id":7,"date":"2016-04-21T11:16:55","date_gmt":"2016-04-21T13:16:55","guid":{"rendered":"http:\/\/konferencijos.lnb.lt\/eduardas-volteras\/?page_id=7"},"modified":"2016-04-25T11:33:11","modified_gmt":"2016-04-25T13:33:11","slug":"apie","status":"publish","type":"page","link":"https:\/\/konferencijos.lnb.lt\/eduardas-volteris\/","title":{"rendered":"Apie"},"content":{"rendered":"<p><strong>Jubiliejin\u0117 prof. Eduardo Volterio konferencija<\/strong><\/p>\n<p>2016 m. kovo 19 d. profesoriui Eduardui Volteriui sukako 160 met\u0173. Jis buvo ne tik \u017eymus visuomen\u0117s veik\u0117jas, lietuvi\u0173 kalbos, istorijos, etnografijos, archeologijos tyrin\u0117tojas, bet ir Valstybin\u0117s centrin\u0117s bibliotekos (dabar \u2212 Lietuvos nacionalin\u0117s Martyno Ma\u017evydo bibliotekos) k\u016br\u0117jas, Kauno miesto muziejaus vadovas, ilgametis Lietuvos universiteto profesorius. Eduardo Volterio gyvenimas buvo susij\u0119s su Vokietija ir Rusija, Latvija ir Lietuva. Jo veikla ap\u0117m\u0117 \u012fvairiausias sritis, tod\u0117l apie \u0161i\u0105 asmenyb\u0119 kalb\u0117ti gali daugelio sri\u010di\u0173 specialistai.<br \/>\n\u0160ia konferencija organizatoriai siekia ne tik prisiminti profesoriaus darbus vadovaujant bibliotekai ir muziejui, bet ir dar kart\u0105 \u012fvertinti ir pla\u010diajai visuomenei pristatyti Eduardo Volterio asmenyb\u0119 ir veikl\u0105.<br \/>\n\u012e tarptautin\u0119 jubiliejin\u0119 profesoriaus Eduardo Volterio konferencij\u0105 organizatoriai sukviet\u0117 \u012fvairiausi\u0173 sri\u010di\u0173 tyrin\u0117tojus (archeologus, etnologus, kalbos tyrin\u0117tojus, tautosakininkus, literatus, istorikus, bibliotekininkus, muziejininkus, archyvistus), kur jie pristatys savo \u012f\u017evalgas.<\/p>\n<p><strong>Konferencijos organizacinis komitetas:<\/strong><br \/>\nDr. Giedr\u0117 Mileryt\u0117\u2013Japertien\u0117 (Lietuvos nacionalin\u0117 Martyno Ma\u017evydo biblioteka) (pirminink\u0117)<br \/>\nJolanta Budri\u016bnien\u0117 (Lietuvos nacionalin\u0117 Martyno Ma\u017evydo biblioteka)<br \/>\nInga Puidokien\u0117 (Kauno miesto muziejus, Vytauto Did\u017eiojo universiteto Kauno istorijos centras)<br \/>\nProf. dr. Jonas Vai\u010denonis (Vytauto Did\u017eiojo universiteto Kauno istorijos centras)<br \/>\nEgl\u0117 Karalien\u0117 (Lietuvos nacionalin\u0117 Martyno Ma\u017evydo biblioteka)<br \/>\nValdon\u0117 Budreckait\u0117 (Lietuvos nacionalin\u0117 Martyno Ma\u017evydo biblioteka)<\/p>\n","protected":false},"excerpt":{"rendered":"<p>Jubiliejin\u0117 prof. Eduardo Volterio konferencija 2016 m. kovo 19 d. profesoriui Eduardui Volteriui sukako 160 met\u0173. Jis buvo ne tik \u017eymus visuomen\u0117s veik\u0117jas, lietuvi\u0173 kalbos, istorijos, etnografijos, archeologijos tyrin\u0117tojas, bet ir Valstybin\u0117s centrin\u0117s bibliotekos (dabar \u2212 Lietuvos nacionalin\u0117s Martyno Ma\u017evydo &hellip;<\/p>\n<p class=\"read-more\"> <a class=\"more-link\" href=\"https:\/\/konferencijos.lnb.lt\/eduardas-volteris\/\"> <span class=\"screen-reader-text\">Apie<\/span> Read More &raquo;<\/a><\/p>\n","protected":false},"author":1,"featured_media":0,"parent":0,"menu_order":0,"comment_status":"closed","ping_status":"closed","template":"","meta":{"inline_featured_image":false,"footnotes":""},"class_list":["post-7","page","type-page","status-publish","hentry"],"_links":{"self":[{"href":"https:\/\/konferencijos.lnb.lt\/eduardas-volteris\/wp-json\/wp\/v2\/pages\/7","targetHints":{"allow":["GET"]}}],"collection":[{"href":"https:\/\/konferencijos.lnb.lt\/eduardas-volteris\/wp-json\/wp\/v2\/pages"}],"about":[{"href":"https:\/\/konferencijos.lnb.lt\/eduardas-volteris\/wp-json\/wp\/v2\/types\/page"}],"author":[{"embeddable":true,"href":"https:\/\/konferencijos.lnb.lt\/eduardas-volteris\/wp-json\/wp\/v2\/users\/1"}],"replies":[{"embeddable":true,"href":"https:\/\/konferencijos.lnb.lt\/eduardas-volteris\/wp-json\/wp\/v2\/comments?post=7"}],"version-history":[{"count":4,"href":"https:\/\/konferencijos.lnb.lt\/eduardas-volteris\/wp-json\/wp\/v2\/pages\/7\/revisions"}],"predecessor-version":[{"id":138,"href":"https:\/\/konferencijos.lnb.lt\/eduardas-volteris\/wp-json\/wp\/v2\/pages\/7\/revisions\/138"}],"wp:attachment":[{"href":"https:\/\/konferencijos.lnb.lt\/eduardas-volteris\/wp-json\/wp\/v2\/media?parent=7"}],"curies":[{"name":"wp","href":"https:\/\/api.w.org\/{rel}","templated":true}]}}