{"id":13,"date":"2016-05-13T07:23:01","date_gmt":"2016-05-13T09:23:01","guid":{"rendered":"http:\/\/konferencijos.lnb.lt\/orphan-works-2016\/?page_id=13"},"modified":"2022-08-05T11:00:47","modified_gmt":"2022-08-05T13:00:47","slug":"pranesejai","status":"publish","type":"page","link":"https:\/\/konferencijos.lnb.lt\/orphan-works-2016\/pranesejai\/","title":{"rendered":"Prane\u0161\u0117jai"},"content":{"rendered":"\n<p>Dr. Ram\u016bnas Bir\u0161tonas<br>Dr. Marija Stonkien\u0117<br>Gabriel\u0117 Napru\u0161ien\u0117<br>Nijol\u0117 Janina Matulevi\u010dien\u0117<br>Dr. Nijol\u0117 Bli\u016bd\u017eiuvien\u0117<br>Rita Pik\u016bnait\u0117<\/p>\n","protected":false},"excerpt":{"rendered":"<p>Dr. Ram\u016bnas Bir\u0161tonasDr. Marija Stonkien\u0117Gabriel\u0117 Napru\u0161ien\u0117Nijol\u0117 Janina Matulevi\u010dien\u0117Dr. Nijol\u0117 Bli\u016bd\u017eiuvien\u0117Rita Pik\u016bnait\u0117<\/p>\n","protected":false},"author":1,"featured_media":0,"parent":0,"menu_order":0,"comment_status":"closed","ping_status":"closed","template":"","meta":{"inline_featured_image":false,"ngg_post_thumbnail":0,"footnotes":""},"class_list":["post-13","page","type-page","status-publish","hentry"],"_links":{"self":[{"href":"https:\/\/konferencijos.lnb.lt\/orphan-works-2016\/wp-json\/wp\/v2\/pages\/13","targetHints":{"allow":["GET"]}}],"collection":[{"href":"https:\/\/konferencijos.lnb.lt\/orphan-works-2016\/wp-json\/wp\/v2\/pages"}],"about":[{"href":"https:\/\/konferencijos.lnb.lt\/orphan-works-2016\/wp-json\/wp\/v2\/types\/page"}],"author":[{"embeddable":true,"href":"https:\/\/konferencijos.lnb.lt\/orphan-works-2016\/wp-json\/wp\/v2\/users\/1"}],"replies":[{"embeddable":true,"href":"https:\/\/konferencijos.lnb.lt\/orphan-works-2016\/wp-json\/wp\/v2\/comments?post=13"}],"version-history":[{"count":2,"href":"https:\/\/konferencijos.lnb.lt\/orphan-works-2016\/wp-json\/wp\/v2\/pages\/13\/revisions"}],"predecessor-version":[{"id":210,"href":"https:\/\/konferencijos.lnb.lt\/orphan-works-2016\/wp-json\/wp\/v2\/pages\/13\/revisions\/210"}],"wp:attachment":[{"href":"https:\/\/konferencijos.lnb.lt\/orphan-works-2016\/wp-json\/wp\/v2\/media?parent=13"}],"curies":[{"name":"wp","href":"https:\/\/api.w.org\/{rel}","templated":true}]}}