{"id":32,"date":"2016-05-13T08:01:42","date_gmt":"2016-05-13T10:01:42","guid":{"rendered":"http:\/\/konferencijos.lnb.lt\/orphan-works-2016\/?page_id=32"},"modified":"2022-08-05T10:58:44","modified_gmt":"2022-08-05T12:58:44","slug":"programa","status":"publish","type":"page","link":"https:\/\/konferencijos.lnb.lt\/orphan-works-2016\/programa\/","title":{"rendered":"Programa"},"content":{"rendered":"<p>Vie\u0161butis \u201eGrand Spa Lietuva\u201c<br \/>\nV. Kudirkos g. 45, 66120 Druskininkai<br \/>\n<a href=\"http:\/\/www.grandspa.lt\">grandspa.lt<\/a><\/p>\n<p>Moderuoja Ringail\u0117 Bakien\u0117, Lietuvos nacionalin\u0117s Martyno Ma\u017evydo bibliotekos Informacijos moksl\u0173 departamento Leidybos produkcijos identifikavimo skyriaus vyresnioji bibliograf\u0117<\/p>\n<p>&nbsp;<\/p>\n<h1>2016-05-26<\/h1>\n<p><strong>PASITIKIMO KAVA IR DALYVI\u0172 REGISTRACIJA<\/strong><br \/>\n09:30 &nbsp;&#8211;&nbsp; 10:00<\/p>\n<p><strong>\u012e\u017dANGINIS \u017dODIS<\/strong><br \/>\n10:00 &nbsp;&#8211;&nbsp; 10:10<br \/>\nDr. Nijol\u0117 Bli\u016bd\u017eiuvien\u0117<\/p>\n<p><strong>NENUSTATYT\u0172 TEISI\u0172 TUR\u0116TOJ\u0172 K\u016aRINI\u0172 DUOMEN\u0172 BAZ\u0116S NAUDOJIMAS LIETUVOJE<\/strong><br \/>\n<span style=\"font-size: revert;\">10:10 &nbsp;&#8211;&nbsp; 10:40<br \/>\n<\/span>Rita Pik\u016bnait\u0117<\/p>\n<p><strong>NENUSTATYT\u0172 TEISI\u0172 TUR\u0116TOJ\u0172 K\u016aRINI\u0172 TEISINIS REGULIAVIMAS<\/strong><br \/>\n10:40 &nbsp;&#8211;&nbsp; 11:40<br \/>\nDr. Ram\u016bnas Bir\u0161tonas<\/p>\n<p><strong>AKTUAL\u016aS NENUSTATYT\u0172 TEISI\u0172 TUR\u0116TOJ\u0172 K\u016aRINI\u0172 NAUDOJIMO KLAUSIMAI<\/strong><br \/>\n11:40 &nbsp;&#8211;&nbsp; 12:40<br \/>\nNijol\u0117 Janina Matulevi\u010dien\u0117<\/p>\n<p><strong>PIET\u016aS<\/strong><br \/>\n12:40 &nbsp;&#8211;&nbsp; 14:00<\/p>\n<p><strong>AUTORI\u0172 TEISI\u0172 PRAKTINIS \u012eGYVENDINIMAS IR KRUOP\u0160TI TEISI\u0172 TUR\u0116TOJ\u0172 PAIE\u0160KA<\/strong><br \/>\n14:00 &nbsp;&#8211;&nbsp; 15:00<br \/>\nGabriel\u0117 Napru\u0161ien\u0117<\/p>\n<p><strong>AUTORI\u0172 TEISI\u0172 APSAUGOS REFORMOS KRYPTYS EUROPOS S\u0104JUNGOJE<\/strong><br \/>\n15:00 &nbsp;&#8211;&nbsp; 16:00<br \/>\nDr. Marija Stonkien\u0117<\/p>\n<p><strong>BAIGIAMASIS \u017dODIS<\/strong><br \/>\n16:00 &nbsp;&#8211;&nbsp; 16:10<br \/>\n<span style=\"font-size: revert;\">Diana \u0160lap\u0161inskien\u0117<\/span><\/p>\n","protected":false},"excerpt":{"rendered":"<p>Vie\u0161butis \u201eGrand Spa Lietuva\u201c V. Kudirkos g. 45, 66120 Druskininkai grandspa.lt Moderuoja Ringail\u0117 Bakien\u0117, Lietuvos nacionalin\u0117s Martyno Ma\u017evydo bibliotekos Informacijos moksl\u0173 departamento Leidybos produkcijos identifikavimo skyriaus vyresnioji bibliograf\u0117 &nbsp; 2016-05-26 PASITIKIMO KAVA IR DALYVI\u0172 REGISTRACIJA 09:30 &nbsp;&#8211;&nbsp; 10:00 \u012e\u017dANGINIS \u017dODIS &hellip;<\/p>\n<p class=\"read-more\"> <a class=\"more-link\" href=\"https:\/\/konferencijos.lnb.lt\/orphan-works-2016\/programa\/\"> <span class=\"screen-reader-text\">Programa<\/span> Read More &raquo;<\/a><\/p>\n","protected":false},"author":1,"featured_media":0,"parent":0,"menu_order":0,"comment_status":"closed","ping_status":"closed","template":"","meta":{"inline_featured_image":false,"ngg_post_thumbnail":0,"footnotes":""},"class_list":["post-32","page","type-page","status-publish","hentry"],"_links":{"self":[{"href":"https:\/\/konferencijos.lnb.lt\/orphan-works-2016\/wp-json\/wp\/v2\/pages\/32","targetHints":{"allow":["GET"]}}],"collection":[{"href":"https:\/\/konferencijos.lnb.lt\/orphan-works-2016\/wp-json\/wp\/v2\/pages"}],"about":[{"href":"https:\/\/konferencijos.lnb.lt\/orphan-works-2016\/wp-json\/wp\/v2\/types\/page"}],"author":[{"embeddable":true,"href":"https:\/\/konferencijos.lnb.lt\/orphan-works-2016\/wp-json\/wp\/v2\/users\/1"}],"replies":[{"embeddable":true,"href":"https:\/\/konferencijos.lnb.lt\/orphan-works-2016\/wp-json\/wp\/v2\/comments?post=32"}],"version-history":[{"count":7,"href":"https:\/\/konferencijos.lnb.lt\/orphan-works-2016\/wp-json\/wp\/v2\/pages\/32\/revisions"}],"predecessor-version":[{"id":209,"href":"https:\/\/konferencijos.lnb.lt\/orphan-works-2016\/wp-json\/wp\/v2\/pages\/32\/revisions\/209"}],"wp:attachment":[{"href":"https:\/\/konferencijos.lnb.lt\/orphan-works-2016\/wp-json\/wp\/v2\/media?parent=32"}],"curies":[{"name":"wp","href":"https:\/\/api.w.org\/{rel}","templated":true}]}}